 u - 1 + 3*u - 5*u. Let v = 10 - -5. Suppose -2*c - v = x, -3*x - 2*x = 25. Give s(c).
7
Let q(w) = 0 - w + 0. Let c = 63 + -63. Determine q(c).
0
Let r(o) = -o - 2. Let y = -2 + 7. Let s(w) = -w**3 + 6*w**2 - 3*w - 4. Let g be s(y). Calculate r(g).
-8
Let g(k) = k**2 - k - 1. Suppose 0 = 4*o - 3*l + 1, -2*l = -3*o + 4*o - 8. Give g(o).
1
Let i(h) = -h - 12. Let c = 12 - 7. Suppose 3*f = c*f. Give i(f).
-12
Let k(v) be the second derivative of v**4/2 + v**2/2 - v. Let n = 3 + 7. Let z be -3*1 - n/(-5). Determine k(z).
7
Let b(v) = -v**2 + v. Let x(g) = -g**2 - 5*g - 1. Suppose -7 = q + o - 1, -3*o + 14 = -5*q. Let t be x(q). Determine b(t).
-6
Let q = -5 - -7. Let z(m) = 19*m + 9*m + 1 - 29*m. Determine z(q).
-1
Let n = 4 - 0. Suppose n = 6*j - 4*j. Suppose -4*a = -4*i - 8, 4*i = 2*a - 4*a - j. Let s(f) = 5*f**3 - 2*f + 1. Calculate s(a).
4
Let o(k) = 3*k**2 - 2*k - 9. Let l(b) = b**2 - b - 1. Let i(a) = -4*l(a) + o(a). What is i(4)?
-13
Let k(b) = -2*b + 1. Let q be k(-1). Let h(v) be the second derivative of -2*v**2 - 1/2*v**3 + v + 1/12*v**4 + 0. What is h(q)?
-4
Let z = -7 - -2. Let m(k) be the third derivative of -k**5/60 - k**4/6 + 3*k**2. Calculate m(z).
-5
Let u(w) = 2. Let y(o) = -o. Let b(r) = -u(r) + 3*y(r). Calculate b(4).
-14
Let w(l) be the third derivative of -l**7/2520 + l**6/120 + l**5/24 - l**4/6 - l**2. Let t(b) be the second derivative of w(b). Calculate t(6).
5
Let g(h) be the first derivative of -h**3/3 - 5*h**2/2 + 6*h - 20. Give g(-5).
6
Let a(h) be the first derivative of h**5/60 - h**4/3 + 4*h**3/3 - 3*h**2/2 - 1. Let s(f) be the second derivative of a(f). What is s(6)?
-4
Let s = -6 - -2. Let r(i) = -i**2 - 4*i + 4. Let x be r(s). Let h(v) = -v**3 - 3*v**2 + 6*v + 1. Let o(n) = n**2 - 1. Let j(u) = -h(u) - 6*o(u). Give j(x).
-3
Let c(z) be the first derivative of z**6/360 - z**4/6 - 2*z**3/3 - 1. Let f(r) be the third derivative of c(r). Determine f(-3).
5
Let x(y) be the first derivative of 13*y**4/4 + 4*y**3/3 - 7*y + 4. Let s(p) = -19*p**3 - 6*p**2 + 10. Let j(u) = 5*s(u) + 7*x(u). Determine j(1).
-5
Let j(o) = 2*o + 4. Suppose -5*w + 6*u + 4 = 2*u, 0 = -3*w - 4*u + 28. Suppose 7 = -w*b - 9. Let r = -8 - b. Determine j(r).
-4
Let m(h) = -h**2 - h - 2. Let t(z) = z**3 - 23*z**2 + 22*z - 3. Let c be t(22). What is m(c)?
-8
Let p be 2 + (-9)/(-1) + -2. Suppose 0*y - 3*m = -y - p, -m + 3 = -y. Let t(a) = a - 10. Give t(y).
-10
Let s(n) = -n - 1. Let d(m) = -2*m - 3. Let l(b) = -2*d(b) + 6*s(b). What is l(-4)?
8
Let m(r) be the first derivative of -2*r**2 + 1. What is m(2)?
-8
Let j = 57 + -62. Let o(f) = f**3 + 4*f**2 - f + 6. What is o(j)?
-14
Let p(f) be the third derivative of f**4/4 + f**3/2 - 5*f**2 + 4*f. Suppose 0 = 2*j - 4*j + o - 3, -3*j - 11 = 5*o. What is p(j)?
-9
Let j(f) = -3*f + 3. Let a(u) = -2*u + 3. Let p(l) = -4*a(l) + 3*j(l). Determine p(4).
-7
Let l(t) be the second derivative of 1/20*t**5 + 0 - 5/12*t**4 - 5*t - 1/2*t**2 + 1/6*t**3. Determine l(5).
4
Let r(v) = v + 12. Let o be r(-10). Let p(y) = -y**3 + y**2 - 11 + 9*y + 0*y**o - 8*y. Give p(0).
-11
Let o(n) = -8*n**2. Let z be ((1 + 1)*(-1)/2)/1. Determine o(z).
-8
Let n = -27 - -24. Let r(p) = 7*p + 2. Calculate r(n).
-19
Let i(t) be the third derivative of -t**6/15 - t**5/60 - t**4/24 + t**3/6 - 11*t**2. What is i(1)?
-9
Let s(f) be the first derivative of -f**2/2 + 2*f + 11. Determine s(4).
-2
Let l(g) = -g**2 + 7*g + 1. Let m = 44 - 37. Determine l(m).
1
Let o = -12 - -37. Suppose -2*t + o = 3*t. Let q(b) be the first derivative of b**2 - 7*b - 1. Give q(t).
3
Let s(g) be the first derivative of -6 - 3*g + 1/4*g**4 - g**2 + 2/3*g**3. Determine s(-2).
1
Let g(k) = 2*k + 3. Let c = 27 - 30. Give g(c).
-3
Let x = 42 - 36. Let u(b) = b**3 - 7*b**2 + 9*b - 4. Determine u(x).
14
Let m(d) be the second derivative of 1/12*d**4 - 7/2*d**2 - 1/6*d**3 + 0 + 3*d. Suppose 3*t + k - 2 = -2*t, 0 = -3*t + k - 2. Give m(t).
-7
Let j(s) = -24*s - 14*s - 2 + 32*s + s**2. Calculate j(5).
-7
Suppose 0 = -2*s - 3*i + 5, 5*s - 3*i = -7*i - 5. Let h(v) = v**3 + 4*v**2 - 2*v - 6. What is h(s)?
-21
Suppose 0*j - 2 = j. Let s(h) = -h**2 + h + 2. Calculate s(j).
-4
Let w(y) = -2*y + 3*y + y - 1 - y. Let m be w(6). Let g(l) = l + 1. What is g(m)?
6
Let b(t) = 2*t**2 + 3*t + 1. Let y(f) = 3*f - 3*f**2 - f**2 + 5*f**2. Let m be -2 + 0 + 0 - 1. Let w(p) = m*y(p) + 2*b(p). Calculate w(2).
0
Let a(w) = w - 1. Let l be (-10)/(0 + 0 + -2). Determine a(l).
4
Suppose -3*d = 2*z + 2*d + 29, -d = -4*z - 3. Let l = 12 + -13. Let q(n) = -n**3 - n**2 - 2*n - 3. Let m(f) = -1. Let h(r) = l*q(r) + m(r). Give h(z).
-6
Let m(l) = -10*l - 18. Let i(s) = -s - 1. Let b(w) = 12*i(w) - m(w). Let c = 11 + -7. What is b(c)?
-2
Let s(z) = -2*z**3 + 8*z**2 + 7*z - 8. Let h(t) = -t**3 + 4*t**2 + 3*t - 4. Let w(q) = -13*h(q) + 6*s(q). Calculate w(3).
4
Let z = -10 + 7. Let n(t) = 13 - t**2 + 9 - 2*t - 19. Give n(z).
0
Let l(w) = w**3 + w**2 + 9. Suppose -2*c = -0*c + 3*t - 12, -2*t + 8 = 0. Determine l(c).
9
Let r(s) be the first derivative of 3/2*s**2 - 2*s + 2 - 1/3*s**3. Give r(4).
-6
Let b(v) = -21*v + 5. Let f(t) = -5*t + 1. Let k(w) = 6*b(w) - 26*f(w). What is k(-3)?
-8
Let n(q) = -q**3 - 8*q**2 + 4*q - 10. Let y(l) = -l**2 - 1. Let u(v) = n(v) - 5*y(v). Determine u(-4).
-5
Let y(j) = 3 - 4 - j + 0. Calculate y(-5).
4
Let b(r) = 2*r**2 + 1 + r**2 - 4*r**2. Suppose -5*k - 2 = 4*w - 3*w, -w + 5 = -2*k. Determine b(w).
-8
Let o(q) = q**3 + 2*q**2 + 2*q - 2. Suppose 2*b = -3*b - 2*x - 22, -44 = 4*b - 5*x. Let t be ((-8)/6)/(b/(-9)). Calculate o(t).
-6
Let a(f) be the first derivative of f**4/4 - 4*f**3 + f**2 - 15*f + 50. Calculate a(12).
9
Let w(b) = 2*b + 1. Suppose -7 = -5*i + r, i + 0*i + 5*r - 17 = 0. Suppose -u - i*h + 12 - 1 = 0, 0 = u + 4*h - 19. Determine w(u).
7
Let d(y) = -y**3 - 171*y**2 + 351*y**2 + 6*y + 6 - 177*y**2. Give d(5).
-14
Suppose -6*k + 5*k + 5 = 0. Suppose -k*j + 4*j = -3. Suppose 0 = -w - 4*a - 10, -a = -w + j*w - 1. Let m(z) = -2*z**3 + 2*z**2 + 2. What is m(w)?
-6
Let r(l) = 0*l**2 - 573 + 576 + l**2 - 6*l. Give r(4).
-5
Let m(s) = s - 9. Let j(x) = -1. Let l(z) = -2*j(z) + m(z). Let u be l(5). Let k(p) = -9*p + 3. Let b(n) = 10*n - 4. Let q(r) = -6*b(r) - 7*k(r). What is q(u)?
-3
Let i(r) = -17*r + 4*r + 2 + 11*r. Calculate i(5).
-8
Suppose 0 = -2*m - 3*m - 25. Let w(a) = a**3 + 5*a**2 - a - 4. Calculate w(m).
1
Suppose -s = 4 - 1. Let n(f) = 3*f. What is n(s)?
-9
Suppose 2*k - 34 = 38. Suppose -f = -0*u + u - 3, 5*f - 2*u = k. Let t(n) = 6*n**2 - 16 - 15 - 17 + 40 - 5*n**2 - 6*n. What is t(f)?
-8
Let b(s) = -s**3 - s**2 - s - 8. Let k(v) = -v**3 + v. Let y be k(0). Give b(y).
-8
Let q be 6/10 + 77/5. Suppose -v - 4*z + 10 = -6*v, 3*v + 2*z = q. Let f be (v + 0)/(5/(-10)). Let u(c) = -c - 3. Determine u(f).
1
Let n(f) = -f**3 + 6*f**2 - 7*f + 5. Let z(l) = -l**3 + 2*l + 1. Let h be z(-2). Suppose 0 = 4*a + h - 25. Calculate n(a).
-5
Let z(s) = 2*s**2 - 7*s - 6. Let i(b) = -3*b**2 + 8*b + 7. Let a be -3 + 2*(-1)/2. Let d(x) = a*z(x) - 3*i(x). Determine d(-2).
-1
Let r(o) = 2*o - 2. Let u(a) = 4*a - 9. Let b be u(1). What is r(b)?
-12
Let h(q) = -q**2 - 4*q - 1. Let i be (33/6)/(3/6). Suppose 0 = -2*p - 6 - 26. Let y = p + i. Calculate h(y).
-6
Let t(j) = -10*j**2 - j. Let f = 26 - 27. Calculate t(f).
-9
Let i(a) = 2*a**3 + 2*a**3 - 5*a**3 - 5*a**2 + 4 + a. Let f be i(-5). Let c = -2 - f. Let m(r) = 8*r**2 - r - 1. Give m(c).
8
Let m(h) = -h**3 - 6*h**2 - 5*h. Suppose 0*t + 2*t + 37 = 3*d, -3*t + 3*d = 51. Let c be 2/7 - 136/t. Suppose 0*s = -2*s - c. Determine m(s).
0
Let b(u) = u - u**2 + 4*u - 3*u + 4*u. Let n = 4 - 0. What is b(n)?
8
Let x = -20 + 17. Let l(u) = -2*u**2 - 3*u + 1. Calculate l(x).
-8
Let o(r) be the third derivative of -r**5/60 - r**4/6 + r**3/6 - 6*r**2. Determine o(-5).
-4
Suppose 4*z - 17 = -a, -4*z = -2*a + 5*a - 11. Let j(m) = 8 + 5*m - 2*m**2 + m**2 - 4. Let f be j(z). Let y(r) = -r**3 + 3*r**2 + 5*r + 1. Calculate y(f).
5
Let m(w) = w**2 + 6*w - 1. Suppose -5*r - 15 = -2*r. What is m(r)?
-6
Let w(b) = -b**2 + 2*b - 2. Let j(c) = -c**3 - c**2. Let y be j(-1). Suppose 0 = t - y*t - 3. Give w(t).
-5
Let f(d) = -d**2 + 7*d - 7. Let s(g) = 2*g - 5. Let n(l) = 6*l - 1. Suppose 5*w - 10 = -5*a - 0*w, 4*a - 4*w = 0. Let h be n(a). Let k be s(h).